Is 35 a factor of 1332501?
False
Does 64 divide 155008?
True
Is 116313 a multiple of 5?
False
Is 430976 a multiple of 26?
True
Is 152 a factor of 2881464?
True
Is 804669 a multiple of 19?
True
Is 13 a factor of 5622307?
False
Is 86 a factor of 2096508?
True
Is 447044 a multiple of 203?
False
Is 2668284 a multiple of 36?
True
Does 451 divide 189871?
True
Does 29 divide 4990204?
True
Is 488800 a multiple of 188?
True
Is 70 a factor of 2380?
True
Is 1545480 a multiple of 243?
True
Does 20 divide 3722071?
False
Is 621690 a multiple of 115?
True
Does 15 divide 7228972?
False
Does 17 divide 203235?
True
Is 4334337 a multiple of 323?
True
Is 201240 a multiple of 72?
True
Is 3196795 a multiple of 138?
False
Is 208 a factor of 122535?
False
Is 375418 a multiple of 337?
True
Does 38 divide 46380?
False
Is 121483 a multiple of 74?
False
Does 2 divide 246250?
True
Is 54 a factor of 123012?
True
Does 24 divide 217608?
True
Is 152842 a multiple of 22?
False
Is 253969 a multiple of 190?
False
Does 6 divide 7558?
False
Is 7695440 a multiple of 428?
True
Is 69 a factor of 5576829?
False
Is 10 a factor of 2460?
True
Is 152 a factor of 543400?
True
Is 16 a factor of 99648?
True
Is 9721382 a multiple of 139?
True
Is 1106355 a multiple of 28?
False
Does 19 divide 8699815?
True
Is 15877476 a multiple of 9?
True
Is 2265483 a multiple of 363?
True
Is 119006 a multiple of 66?
False
Does 142 divide 26598676?
False
Is 308263 a multiple of 29?
False
Is 12999840 a multiple of 1022?
True
Is 162 a factor of 17810280?
True
Is 11 a factor of 1578825?
False
Is 162 a factor of 186405?
False
Is 17667706 a multiple of 217?
True
Is 60426 a multiple of 6?
True
Is 118 a factor of 3832084?
False
Is 52672 a multiple of 16?
True
Is 24660 a multiple of 30?
True
Is 196 a factor of 7619927?
False
Does 169 divide 104104?
True
Does 85 divide 339305?
False
Is 26 a factor of 63455?
False
Does 77 divide 302921?
False
Does 8 divide 1215466?
False
Is 61 a factor of 662088?
False
Does 97 divide 1002923?
False
Is 3 a factor of 11411?
False
Is 31085 a multiple of 28?
False
Does 4 divide 17370?
False
Does 37 divide 63411?
False
Is 64 a factor of 7890496?
True
Is 344286 a multiple of 195?
False
Does 42 divide 1921206?
True
Is 245 a factor of 846081?
False
Is 59976 a multiple of 136?
True
Does 16 divide 3789248?
True
Is 15868907 a multiple of 65?
False
Does 10 divide 140083?
False
Does 94 divide 18894?
True
Does 46 divide 17371?
False
Does 265 divide 616655?
True
Does 35 divide 889868?
False
Is 157 a factor of 498475?
True
Is 12 a factor of 3024926?
False
Is 34561 a multiple of 19?
True
Is 20 a factor of 232640?
True
Does 88 divide 530640?
True
Does 1057 divide 4278736?
True
Is 4 a factor of 184815?
False
Does 18 divide 208314?
True
Is 92212 a multiple of 6?
False
Is 8 a factor of 22675?
False
Is 5634474 a multiple of 12?
False
Is 147598 a multiple of 26?
False
Is 36 a factor of 65196?
True
Is 38880 a multiple of 480?
True
Is 202 a factor of 736051?
False
Does 1196 divide 793645?
False
Is 27 a factor of 146907?
True
Is 27 a factor of 49194?
True
Does 70 divide 20020?
True
Is 500273 a multiple of 23?
True
Is 352115 a multiple of 78?
False
Is 7799664 a multiple of 827?
False
Is 83 a factor of 476835?
True
Is 281650 a multiple of 5?
True
Does 12 divide 16153089?
False
Is 166633 a multiple of 36?
False
Is 3871747 a multiple of 123?
False
Is 562 a factor of 199510?
True
Is 420308 a multiple of 14?
True
Is 14 a factor of 511328?
False
Is 3914893 a multiple of 11?
False
Is 14 a factor of 12630?
False
Does 78 divide 43914?
True
Is 15 a factor of 3935506?
False
Is 11088 a multiple of 22?
True
Is 104 a factor of 100672?
True
Does 44 divide 105820?
True
Is 91 a factor of 5427513?
True
Is 4690 a multiple of 14?
True
Does 3 divide 136299?
True
Is 5 a factor of 334155?
True
Is 71621 a multiple of 187?
True
Is 967 a factor of 5887096?
True
Is 639060 a multiple of 6?
True
Does 79 divide 7705225?
False
Is 27865898 a multiple of 16?
False
Is 2080 a multiple of 5?
True
Is 178 a factor of 353864?
True
Is 2634008 a multiple of 248?
True
Is 3 a factor of 366505?
False
Does 504 divide 212313?
False
Does 1114 divide 11776094?
True
Does 46 divide 5493016?
False
Is 40091 a multiple of 6?
False
Is 12 a factor of 51709?
False
Does 3 divide 17715?
True
Is 344780 a multiple of 4?
True
Does 68 divide 383931?
False
Is 1414224 a multiple of 84?
True
Is 178270 a multiple of 68?
False
Does 44 divide 258720?
True
Is 98 a factor of 142380?
False
Is 26636 a multiple of 13?
False
Is 16 a factor of 793167?
False
Is 2400 a multiple of 5?
True
Is 2400177 a multiple of 362?
False
Is 197268 a multiple of 17?
True
Is 17 a factor of 294946?
False
Is 201016 a multiple of 75?
False
Is 4 a factor of 43206?
False
Does 122 divide 2710?
False
Is 303015 a multiple of 485?
False
Is 13950 even?
True
Is 26 a factor of 102336?
True
Is 1092 a factor of 2838108?
True
Is 84 a factor of 13296696?
True
Is 58884 a multiple of 701?
True
Is 46 a factor of 233538?
False
Is 4723215 a multiple of 35?
True
Is 9396 a multiple of 8?
False
Is 369366 a multiple of 85?
False
Does 25 divide 415292?
False
Is 25110 a multiple of 15?
True
Is 194 a factor of 730497?
False
Does 766 divide 4496420?
True
Does 683 divide 1060699?
True
Does 29 divide 481573?
False
Does 80 divide 1501680?
True
Is 173 a factor of 245402?
False
Is 336 a factor of 17489136?
True
Is 176 a factor of 4396656?
True
Is 109856 a multiple of 14?
False
Is 39 a factor of 203138?
False
Does 5 divide 97964?
False
Does 36 divide 67528?
False
Is 29 a factor of 20148683?
False
Is 12 a factor of 1429101?
False
Does 43 divide 2569534?
False
Does 721 divide 282632?
True
Is 79 a factor of 22040921?
True
Is 64 a factor of 310528?
True
Does 130 divide 1453951?
False
Does 11 divide 165048?
False
Is 1485010 a multiple of 20?
False
Is 1055105 a multiple of 1182?
False
Is 1290939 a multiple of 237?
True
Is 799600 a multiple of 80?
True
Is 2 a factor of 362970?
True
Does 91 divide 24325938?
True
Is 115793 a multiple of 63?
False
Is 40664 a multiple of 17?
True
Is 78186 a multiple of 53?
False
Does 3 divide 53793?
True
Is 5179771 a multiple of 112?
False
Does 59 divide 3412570?
False
Is 10 a factor of 14188?
False
Is 59184 a multiple of 144?
True
Is 23479890 a multiple of 35?
True
Is 67028 a multiple of 13?
True
Is 104115 a multiple of 33?
True
Is 110 a factor of 11708153?
False
Is 1376508 a multiple of 42?
True
Does 133 divide 688541?
True
Is 273378 a multiple of 69?
True
Is 24392242 a multiple of 1339?
False
Does 5 divide 5435?
True
Does 37 divide 3416825?
False
Does 35 divide 876851?
False
Is 122 a factor of 2749599?
False
Is 47523 a multiple of 21?
True
Does 14 divide 440776?
True
Does 625 divide 413907?
False
Is 3 a factor of 1945275?
True
Is 101 a factor of 2650139?
True
Is 12 a factor of 87936?
True
Is 211823 a multiple of 254?
False
Is 14 a factor of 1789942?
True
Does 477 divide 656352?
True
Is 13 a factor of 1220323?
True
Is 26093215 a multiple of 15?
False
Is 853589 a multiple of 170?
False
Is 17 a factor of 24327?
True
Does 14 divide 124726?
True
Is 2698213 a multiple of 61?
True
Is 99382 a multiple of 47?
False
Is 6 a factor of 3143658?
True
Is 234670 a multiple of 62?
True
Does 19 divide 97831?
True
Does 8 divide 4176?
True
Does 651 divide 2082283?
False
Is 24647 a multiple of 57?
False
Is 140 a factor of 284090?
False
Is 579150 a multiple of 286?
True
Is 11133265 a multiple of 677?
True
Does 13 divide 68054?
False
Is 541 a factor of 6330782?
True
Is 49 a factor of 2617810?
False
Is 6606092 a multiple of 9?
False
Is 7 a factor of 3737664?
True
Is 517140 a multiple of 170?
True
Is 307719 a multiple of 131?
True
Is 178 a factor of 156401?
False
Does 29 divide 5072128?
False
Is 2891 a multiple of 49?
True
Is 487 a factor of 13154935?
False
Does 27 divide 1412586?
True
Is 221279 a multiple of 5?
False
Is 63 a factor of 749844?
False
Is 6 a factor of 83868?
True
Does 46 divide 339250?
True
Is 31 a factor of 5951101?
True
Does 352 divide 314219?
False
Is 488099 a multiple of 23?
False
Does 64 divide 1365620?
False
Is 12 a factor of 72328?
False
Is 353685 a multiple of 446?
False
Is 181425 a multiple of 25?
True
Is 8599955 a multiple of 41?
True
Is 7 a factor of 43113?
True
Is 2150164 a multiple of 21?
False
Is 41 a f